264880 (base 11) to base 2.
-110111101001101110010000
What is -53dba (base 14) in base 3?
-101022111102
What is -21200221201 (base 3) in base 12?
-73891
84b806 (base 13) to base 6
150354401
Convert 1a54a9d (base 14) to base 4.
302001121203
102210020111100 (base 3) to base 6
342131400
Convert -310303231 (base 4) to base 15.
-44151
What is -2211320022 (base 4) in base 3?
-1021112000020
412166 (base 10) to base 15
821cb
-c12b0c (base 16) to base 3
-212211011112012
-2021201020 (base 3) to base 15
-d4e3
2331020213 (base 4) to base 11
48a049
-10636 (base 10) to base 5
-320021
Convert 527316 (base 10) to base 2.
10000000101111010100
Convert 10b12de (base 15) to base 9.
24435372
Convert -110010001001101011 (base 2) to base 4.
-302021223
1a85351 (base 14) to base 13
29827c7
Convert -10785880 (base 9) to base 5.
-2321100130
119474 (base 11) to base 13
678a9
What is -2446c5 (base 14) in base 13?
-3461c7
410244 (base 9) to base 8
732417
2504425 (base 6) to base 2
100000100001100001
Convert -10100011001001111 (base 2) to base 14.
-2262b
Convert 2135331 (base 7) to base 16.
3fc48
What is -103224122 (base 5) in base 4?
-1230301201
What is 1b122d7 (base 14) in base 6?
1201050033
-69570 (base 10) to base 8
-207702
What is -10111000011100 (base 2) in base 8?
-27034
Convert -15073828 (base 9) to base 4.
-130210113002
82207 (base 11) to base 3
20002122220
What is -453475 (base 9) in base 7?
-2210531
What is -7426006 (base 9) in base 14?
-75625b
What is -6322202 (base 8) in base 12?
-69062a
What is -200231 (base 6) in base 2?
-11110100011011
What is -42353120 (base 6) in base 10?
-1243560
What is 146730 (base 9) in base 5?
10342021
What is -167607 (base 9) in base 16?
-1964b
-122201211120102 (base 3) to base 14
-1374a52
Convert -1211031312 (base 4) to base 13.
-11691c
What is -1221222332 (base 4) in base 16?
-69abe
What is 59076 (base 12) in base 15?
2554c
Convert -12021006 (base 7) to base 15.
-1603cc
Convert a4390 (base 14) to base 6.
12252350
-11001101111010000011010 (base 2) to base 15
-8d425c
4052271 (base 8) to base 7
12045210
What is 1d455 (base 16) in base 12?
59471
431227 (base 8) to base 14
3a6b5
Convert -105014 (base 13) to base 16.
-5d557
What is -11521232 (base 7) in base 9?
-1840512
-3467205 (base 8) to base 4
-3212322011
Convert -fe750 (base 16) to base 9.
-1857632
-83703 (base 9) to base 5
-3231440
Convert b0597 (base 13) to base 6.
10430552
What is 299154 (base 11) in base 2?
1110001110001101110
What is -c7283 (base 13) in base 11?
-225430
What is 1b96ab (base 15) in base 6?
44521212
Convert -30102323 (base 4) to base 8.
-142273
What is 101122011121 (base 3) in base 11?
133316
Convert -15c933 (base 13) to base 14.
-101761
Convert 1101000100110011101 (base 2) to base 15.
86e30
What is -120123103 (base 4) in base 8?
-303323
What is 1f134c (base 16) in base 11?
1171105
What is -1115738 (base 11) in base 14?
-38c564
Convert -10000110001101010011 (base 2) to base 6.
-15440551
Convert -296674 (base 10) to base 4.
-1020123202
What is -11120322023 (base 4) in base 2?
-101011000111010001011
What is -22001022102 (base 3) in base 13?
-57152
What is -214582 (base 9) in base 2?
-11111010000110110
Convert 1015a83 (base 13) to base 6.
252201424
-1452a19 (base 12) to base 4
-33212200311
Convert -5339599 (base 10) to base 9.
-11037487
What is -3395013 (base 10) in base 8?
-14746705
Convert -148991 (base 11) to base 14.
-604c4
What is 27610735 (base 8) in base 3?
102201112122000
What is -10011111111001000100100 (base 2) in base 7?
-62351010
What is 3b1545 (base 15) in base 9?
5307132
Convert 16d6869 (base 14) to base 16.
ac071d
100001110111010010010100 (base 2) to base 15
ba5439
98b92 (base 14) to base 8
1322474
What is -39456 (base 10) in base 4?
-21220200
540674 (base 8) to base 3
100011211102
What is 93ca89 (base 13) in base 12?
11a7853
What is 542e8 (base 16) in base 5?
42013213
Convert -74400b (base 13) to base 11.
-159a171
What is -5533251 (base 6) in base 2?
-1000011100100111111
61cb61 (base 14) to base 10
3300529
What is 1680499 (base 13) in base 12?
2533241
What is -68233b (base 12) in base 15?
-22ca45
-10c032 (base 13) to base 5
-100211243
What is 6450401 (base 8) in base 11?
a78855
405f43 (base 16) to base 4
100011331003
3301331 (base 6) to base 8
477467
31033233201 (base 4) to base 3
20112102011200
What is 10132401022 (base 5) in base 12?
35b25a8
Convert -96888 (base 12) to base 16.
-30668
578454 (base 11) to base 4
3200112111
Convert 109242 (base 11) to base 9.
283665
Convert 163669 (base 11) to base 14.
6864b
What is 1302212 (base 5) in base 10?
25307
What is -152a0a (base 11) in base 13?
-84514
What is -592440 (base 10) in base 13?
-179874
What is 1cb9d (base 15) in base 5?
10444443
Convert 10055613 (base 8) to base 11.
1219257
b79689 (base 12) to base 14
5565cd
-1343321 (base 9) to base 12
-2b6801
What is -210222021102 (base 4) in base 9?
-20066156
Convert -2787a7 (base 11) to base 5.
-102424301
What is -7133550 (base 9) in base 8?
-16400560
11201002102020 (base 3) to base 12
a07766
Convert 13310122 (base 5) to base 11.
92501
Convert 21654 (base 8) to base 4.
2032230
31aa7 (base 12) to base 15
1461d
What is -10053005 (base 6) in base 11?
-186752
-11100100000010010100001 (base 2) to base 4
-130200102201
What is -1d7cb (base 14) in base 9?
-124673
-141346a (base 12) to base 9
-7477711
203102121 (base 4) to base 15
2cc5c
What is 2069854 (base 10) in base 12?
8399ba
What is 13524150 (base 7) in base 2?
100110101010001011111
What is -2202050 (base 6) in base 9?
-175863
-28813345 (base 9) to base 5
-12130031030
What is 12b6a52 (base 13) in base 14?
ad785b
1216c6 (base 15) to base 14
187600
3044341 (base 13) to base 12
4a83497
Convert -101010101000011110 (base 2) to base 15.
-36b17
-30202010 (base 4) to base 12
-25858
What is 6a514 (base 16) in base 12?
190018
What is -130202313101 (base 4) in base 14?
-dcada1
What is -2ba4c (base 16) in base 8?
-535114
Convert 11add3 (base 15) to base 14.
1808ad
What is 21a2a6 (base 12) in base 3?
1000020101100
-1520071 (base 8) to base 6
-13150201
Convert 2535618 (base 10) to base 7.
30360321
Convert -3444927 (base 11) to base 6.
-333040221
-250102 (base 8) to base 6
-1502310
What is 1001000101100000010 (base 2) in base 7?
2350006
What is -36434630 (base 7) in base 4?
-30122012201
776930 (base 16) to base 9
15646765
-2208256 (base 9) to base 4
-10201303101
Convert 101220202110201 (base 3) to base 6.
324203501
2473263 (base 10) to base 13
687990
Convert -15322232 (base 6) to base 4.
-2003300030
What is 211303021 (base 4) in base 13?
55618
Convert 121011210221 (base 4) to base 3.
110101010011022
-2835534 (base 11) to base 5
-2222222000
-11100101000010001 (base 2) to base 6
-2302521
201010202 (base 3) to base 5
421302
-13c6d (base 15) to base 8
-174101
Convert -132010044 (base 5) to base 8.
-2403003
1850b9 (base 12) to base 8
1473115
What is e618d2 (base 16) in base 14?
20076ca
What is 4a164 (base 15) in base 4?
321300121
Convert 11101101101010001001 (base 2) to base 5.
222122244
What is -69aa51 (base 11) in base 4?
-10033221023
What is -b3d133 (base 16) in base 8?
-54750463
Convert -4c1dbd (base 15) to base 11.
-2074456
Convert 13453510 (base 6) to base 14.
bd054
178809 (base 12) to base 9
683000
What is 2082030 (base 9) in base 15?
170dc0
dd6b3 (base 16) to base 5
213010211
What is -45147 (base 8) in base 16?
-4a67
11010101101101010101 (base 2) to base 8
3255525
-20550520 (base 6) to base 5
-123333144
What is -7386d (base 16) in base 7?
-4010404
What is 194085 (base 10) in base 7?
1435563
What is -15ddc4 (base 16) in base 3?
-2200210202010
What is -83120 (base 13) in base 14?
-61a54
Convert -122234110 (base 5) to base 4.
-2033100130
What is 316133 (base 16) in base 11?
1910402
Convert -28990 (base 14) to base 15.
-1ec69
230020210302 (base 4) to base 5
10430210313
-3168457 (base 9) to base 8
-6366202
What is 131004013 (base 5) in base 9?
1176420
110a726 (base 14) to base 12
286537a
140323234 (base 5) to base 12
2a5382
What is 20e62 (base 15) in base 7?
613433
What is -7acb18 (base 16) in base 5?
-4030004014
What is -2020010220011 (base 3) in base 6?
-41212351
What is 21389 (base 13) in base 4?
32220203
Convert 123415124 (base 6) to base 3.
11112120222221
-38a685 (base 14) to base 6
-105441341
454261 (base 8) to base 1